?
6699
Convert -23a8 (base 13) to base 2.
-1001110101111
What is -2772 (base 8) in base 11?
-1171
Convert 1554 (base 14) to base 3.
12012200
57d (base 16) to base 15
63a
5c9a (base 14) to base 2
11111101010000
-321 (base 4) to base 14
-41
-62176 (base 8) to base 3
-1022021211
What is 2103143 (base 5) in base 2?
1000011111101110
-360 (base 7) to base 9
-230
Convert 1b6 (base 16) to base 12.
306
-1100 (base 2) to base 12
-10
Convert -233344 (base 5) to base 7.
-34033
What is 4449 (base 10) in base 16?
1161
What is 61256 (base 7) in base 13?
6a13
What is 11202100 (base 3) in base 14?
1397
Convert 500 (base 12) to base 9.
880
884 (base 9) to base 10
724
-202000 (base 3) to base 6
-2300
What is c22b (base 15) in base 7?
230336
What is 340 (base 9) in base 10?
279
Convert 882 (base 10) to base 12.
616
What is 131230 (base 4) in base 10?
1900
What is 1594 (base 15) in base 8?
11037
Convert 1675 (base 8) to base 4.
32331
What is 4a3a (base 11) in base 14?
257b
Convert 3450 (base 9) to base 16.
9fc
Convert 1456 (base 9) to base 5.
13404
Convert -baa2 (base 12) to base 15.
-6165
Convert -412 (base 9) to base 16.
-14f
9d2 (base 14) to base 5
30243
2222200 (base 4) to base 11
8220
177b (base 13) to base 4
312122
Convert -12135 (base 10) to base 16.
-2f67
Convert -11230 (base 4) to base 15.
-194
Convert -a04 (base 14) to base 12.
-1178
-37071 (base 9) to base 14
-90b0
-13802 (base 13) to base 8
-107232
2c1 (base 13) to base 8
757
What is -3303 (base 9) in base 12?
-14a9
What is -6284 (base 10) in base 6?
-45032
8 (base 13) to base 11
8
Convert -111111000011 (base 2) to base 11.
-3039
7410 (base 8) to base 7
14135
Convert a3a (base 13) to base 3.
2101102
Convert 1531 (base 6) to base 11.
348
What is -115545 (base 6) in base 10?
-10361
1761 (base 13) to base 5
102314
585a (base 15) to base 3
221201211
-113 (base 13) to base 16
-b9
What is -231323 (base 4) in base 5?
-43224
103242 (base 9) to base 11
42181
7592 (base 12) to base 3
122201202
Convert 208 (base 12) to base 15.
14b
Convert 5410 (base 9) to base 2.
111110001010
What is 5972 (base 11) in base 16?
1e8f
100131110 (base 4) to base 7
400352
What is 1000010101001 (base 2) in base 11?
3228
Convert 2045 (base 7) to base 15.
32e
Convert -150414 (base 7) to base 10.
-29019
Convert 452 (base 9) to base 10.
371
Convert 1010010110110 (base 2) to base 15.
1887
What is -25350 (base 6) in base 15?
-11e0
What is 1a18 (base 12) in base 9?
4332
What is -1427a (base 14) in base 12?
-24a58
84 (base 11) to base 10
92
Convert -2021200 (base 3) to base 5.
-23130
-15000 (base 6) to base 7
-6633
What is -1234 (base 6) in base 11?
-262
-248c (base 15) to base 16
-1e66
Convert -101021 (base 3) to base 9.
-337
What is -100000011010 (base 2) in base 4?
-200122
6163 (base 10) to base 12
3697
12786 (base 9) to base 16
21d8
What is -212222110 (base 3) in base 9?
-25873
What is 1485 (base 14) in base 5?
104040
What is -1732 (base 9) in base 14?
-6a9
Convert 2121223 (base 4) to base 8.
23153
-125000 (base 9) to base 6
-1343000
What is -12000100 (base 3) in base 10?
-3654
-7a79 (base 13) to base 15
-5149
Convert -26146 (base 7) to base 10.
-6943
3116 (base 7) to base 5
13331
What is -1372 (base 10) in base 12?
-964
-1222010210 (base 3) to base 2
-1001011101010011
What is 2065 (base 7) in base 4?
23131
Convert 553 (base 9) to base 7.
1215
Convert c0 (base 16) to base 7.
363
bc (base 15) to base 11
151
-233a2 (base 11) to base 8
-101726
Convert 2112121 (base 3) to base 2.
11100111100
110102011 (base 3) to base 6
105521
Convert -319e (base 16) to base 6.
-134450
Convert ab (base 15) to base 8.
241
Convert -1000220212 (base 3) to base 13.
-9359
-4104 (base 5) to base 10
-529
Convert 20654 (base 9) to base 5.
414112
Convert -26564 (base 8) to base 9.
-16858
-465 (base 8) to base 12
-219
What is 13ab4 (base 13) in base 7?
212561
1458c (base 13) to base 12
1a206
381c (base 14) to base 3
111110221
Convert -100331 (base 4) to base 6.
-5005
What is 217 (base 16) in base 11?
447
526 (base 7) to base 9
324
2b2 (base 12) to base 15
1d2
What is -525055 (base 6) in base 9?
-64368
220121001 (base 3) to base 9
26531
a6a (base 13) to base 9
2385
Convert -20111 (base 3) to base 13.
-106
What is -12010221 (base 3) in base 11?
-2900
What is 113162 (base 7) in base 6?
234042
What is 259 (base 13) in base 6?
1524
Convert -1d91 (base 15) to base 8.
-14444
Convert -10320 (base 7) to base 13.
-1221
-4a40 (base 11) to base 13
-2cc0
-101100001 (base 2) to base 15
-188
-1471 (base 13) to base 6
-21421
What is 11000100000 (base 2) in base 9?
2132
What is 527b (base 14) in base 2?
11011110001101
What is 2362 (base 7) in base 8?
1555
Convert 1000201101 (base 3) to base 11.
141aa
What is -101142 (base 6) in base 9?
-12038
What is -11c (base 13) in base 5?
-1234
Convert -122002 (base 4) to base 7.
-4600
What is 45c (base 13) in base 14?
3bb
-46666 (base 7) to base 6
-131324
Convert 221222 (base 3) to base 8.
1275
11111102 (base 3) to base 13
1652
Convert -129 (base 14) to base 6.
-1025
What is -1066b (base 14) in base 4?
-21230013
-332131 (base 6) to base 14
-a14b
What is 305 (base 14) in base 5?
4333
-10200 (base 5) to base 10
-675
11100111010 (base 2) to base 11
1432
Convert -1312 (base 6) to base 4.
-11030
Convert 585 (base 10) to base 16.
249
Convert -11210001 (base 3) to base 12.
-2024
What is -717 (base 9) in base 10?
-583
What is 11a (base 12) in base 13?
ca
Convert -31 (base 7) to base 10.
-22
Convert 121000 (base 3) to base 13.
273
Convert -23b (base 14) to base 11.
-375
What is -4546 (base 11) in base 3?
-22012110
Convert 577b (base 13) to base 16.
2fee
-557 (base 12) to base 16
-313
-11250 (base 7) to base 4
-230331
What is -3020114 (base 5) in base 4?
-23300133
What is -102033 (base 5) in base 14?
-1345
11001100000 (base 2) to base 9
2213
-10302 (base 4) to base 3
-102100
2413 (base 7) to base 4
31330
Convert -40024 (base 7) to base 11.
-7258
-22342 (base 5) to base 7
-4441
Convert 15c7 (base 16) to base 13.
26cb
-173231 (base 8) to base 7
-352023
Convert 2071 (base 10) to base 16.
817
-21919 (base 11) to base 4
-13233222
-2d85 (base 15) to base 10
-9800
What is 1124 (base 10) in base 12?
798
1101111 (base 3) to base 11
840
What is 11704 (base 9) in base 8?
17265
12020022 (base 3) to base 11
2959
300 (base 5) to base 11
69
Convert 243 (base 6) to base 12.
83
1ae8 (base 16) to base 3
100110010
Convert 32bb (base 14) to base 15.
290e
Convert 1003251 (base 6) to base 4.
23210233
Convert -20112022 (base 3) to base 5.
-123020
-2c77 (base 16) to base 12
-6707
What is -21361 (base 8) in base 15?
-29b5
Convert 3e9 (base 15) to base 5.
12034
Convert -90b5 (base 15) to base 2.
-111011101010001
What is 176 (base 9) in base 7?
303
110111010110 (base 2) to base 9
4765
46125 (base 7) to base 16
2dd2
Convert 143 (base 7) to base 2.
1010000
Convert 3d86 (base 14) to base 3.
112221122
Convert 575 (base 15) to base 12.
86b
Convert -23 (base 4) to base 11.
-10
What is -8a (base 13) in base 3?
-11020
What is -24422 (base 5) in base 8?
-3506
Convert -1306 (base 7) to base 8.
-760
Convert 2429 (base 11) to base 6.
22413
Convert 1745 (base 8) to base 14.
513
-162 (base 16) to base 6
-1350
What is 1112212111 (base 3) in base 16?
773b
216 (base 15) to base 9
573
-55526 (base 10) to base 16
-d8e6
What is 1202220010 (base 3) in base 11?
24260
What is -90a (base 12) in base 5?
-20211
What is -3094 (base 11) in base 12?
-2454
Convert -1138 (base 12) to base 3.
-2121222
321113 (base 4) to base 9
5028
What is -110001000010111 (base 2) in base 13?
-b578
Convert 9174 (base 14) to base 5.
1244434
What is -110100201 (base 3) in base 6?
-105414
What is -346 (base 8) in base 5?
-1410
Convert -7571 (base 13) to base 16.
-3fbc
What is -20354 (base 7) in base 12?
-2a78
157b (base 13) to base 2
110001001000
What is 16c0 (base 13) in base 11?
2591
What is 11d6 (base 16) in base 4?
1013112
What is 332201 (base 4) in base 10?
4001
What is -100102122 (base 3) in base 14?
-2711
Convert 2303221 (base 4) to base 3.
120202211
-2123432 (base 5) to base 7
-210204
Convert -1000000100111 (base 2) to base 6.
-31051
What is 210b (base 14) in base 11?
4308
1000225 (base 6) to base 13
1837a
102110 (base 3) to base 7
621
What is -3a4a8 (base 11) in base 3?
-2221100001
Convert 7603 (base 14) to base 5.
1123